 2*x + 27. Let r(y) be the first derivative of y**2/2 + 3*y + 75. What is r(x)?
6
Suppose -3*s + 1 = 4*k - 19, -4*k - 4 = -3*s. Let t be k/(-3)*(4 + 17/(-2)). Let l(f) = -2*f**3 + 4*f**2 - 3*f + 3. Give l(t).
-24
Let t(l) = 11*l - 12. Let p(f) = 32*f - 26. Let y(d) = -5*p(d) + 14*t(d). Determine y(-8).
10
Suppose 180*o - 72 = 172*o. Let n(l) = -3 - 7 + 1 + o + l. Give n(7).
7
Let v(d) = -d**3 + 17*d**2 + 3*d + 24. Suppose 26*l + 46 = 28*l - 4*f, 2*f - 11 = -l. Calculate v(l).
75
Let c(f) = -29*f**2 + 13*f - 38. Let s(k) = -27*k**2 + 13*k - 36. Let m(q) = -13*c(q) + 14*s(q). Suppose 0 = 4*u - v - 49, -u - 4*v = 4*u - 56. What is m(u)?
2
Let a(s) = -2*s - 11. Let i(c) = -c**3 + 13*c**2 - 14*c + 26. Let b be i(12). Suppose 2*r - 26*w + 24*w = -14, 0 = -b*w - 8. Calculate a(r).
11
Let h be 8/(24/(-327)) + -2. Let t be 32/(-6) - 37/h. Let u(g) = g**3 + 7*g**2 + 5*g - 7. Give u(t).
18
Let x(w) = 4*w + 1. Suppose -2*s = -19 - 11. Let u be -1*(266/(-42) + 35/15). Suppose -5*n + s = -2*n, -n + u = l. Give x(l).
-3
Suppose -2629 = 4*z + 3*l, 5*l - 640 = -0*z + z. Let b = -393 - z. Let a(m) = -23 - 131*m + b*m - 132*m. Determine a(0).
-23
Let n = 2 + 7. Let k(h) = 21*h**2 + 98*h + 69. Let f(g) = -11*g**2 - 52*g - 36. Let q(u) = -19*f(u) - 10*k(u). Determine q(n).
-15
Let p(a) = -a**3 + 3*a**2 + 6*a + 6. Let f(g) = 6*g**2 + 3*g + 2. Let i be f(4). Suppose 2*c = 4*c - i. Suppose 56*t - 5 = c*t. What is p(t)?
-14
Suppose 0*r = 3*z + r + 27, 3*z - 3*r = -15. Let k(u) = 0 - 36*u - 33*u + 104*u - 33*u + 12. Determine k(z).
-4
Let b = -137 - -142. Suppose -3*y = -8 - 37. Let x(m) = -3*m + y*m**2 + 0*m - 14*m**2 - 2. What is x(b)?
8
Let h = -158 + 298. Suppose -14*u = -0*u - h. Let c(w) = -w**3 + 11*w**2 - 8*w - 21. Give c(u).
-1
Let o(w) = 2*w**3 - 44*w**2 + 60*w - 10. Let u(x) = 3*x**3 - 67*x**2 + 89*x - 13. Let f(m) = 8*o(m) - 5*u(m). What is f(15)?
60
Let p = 26 - 24. Suppose -t - 15 = -p*x + 2*t, 0 = -x - t - 5. Suppose x = 41*q - 36*q + 20. Let n(z) = -z**2 - 8*z + 2. Determine n(q).
18
Let x(j) be the third derivative of -j**5/60 - 5*j**4/12 + 5*j**3/2 - j**2 + 602*j. What is x(-12)?
-9
Let l(d) = 2*d + 60. Suppose 0 = 1611*o - 1618*o - 196. Calculate l(o).
4
Let p(f) be the first derivative of f**4/4 + 5*f**3/3 + f**2 - 72899. Let j = 1 - 4. Calculate p(j).
12
Let k(d) = 37*d**3 + 11*d**2 + 18*d + 16. Let v(h) = 102*h**3 + 32*h**2 + 52*h + 44. Let s(w) = -11*k(w) + 4*v(w). Give s(-5).
0
Let a(v) = -475*v + 1457*v + 6 - 491*v - 26 - 493*v. What is a(-8)?
-4
Let q(i) = -3*i - 18. Let d(o) = -o - 6. Let x = 263 + -269. Let p(n) = x*q(n) + 17*d(n). Give p(-10).
-4
Let a(d) = -22*d**2 + 160*d + 455. Let b(v) = -33*v**2 + 239*v + 724. Let f(g) = 8*a(g) - 5*b(g). Determine f(8).
-4
Let u(r) = -19*r**3 - 61*r**2 - 99*r - 215. Let l(s) = 5*s**3 + 15*s**2 + 25*s + 54. Let j(w) = -15*l(w) - 4*u(w). Give j(-18).
-4
Let v(d) = d - 9. Let t(r) = 4*r - 28. Let z(l) = -2*t(l) + 7*v(l). Let n(m) = 2*m - 2. Let x be n(11). Let g be (-112)/x + (-8)/20. Give z(g).
-1
Let s(w) = 7*w + 7. Let g(a) = -a. Suppose -4*c = -2*m + 1 - 47, 5*m + 3*c + 76 = 0. Let x = m + 16. Let p(i) = x*s(i) - 4*g(i). Determine p(5).
-22
Let a(z) = 1 - 172*z**2 + 177*z**2 - 7 + 18*z. Let b(d) = 4*d**2 + 16*d - 5. Let n(r) = 6*a(r) - 7*b(r). What is n(4)?
15
Let b(x) = -34*x - 1. Let t(g) = -137*g - 17. Let d(c) = -4*b(c) + t(c). Give d(-13).
0
Let r = 213 + -215. Let n(k) = -k**2 + 4*k + 3. Let o(v) be the third derivative of -v**5/30 + v**4/3 + v**3 + v**2. Let h(t) = r*o(t) + 5*n(t). Give h(5).
-2
Let d(g) = g**2 - 87*g + 489. Let q be d(6). Let c(v) be the second derivative of 1/6*v**3 + v + q*v**2 + 0. What is c(-11)?
-5
Let r(t) be the first derivative of -t**3/3 + 9*t**2/2 - 7*t + 44. Suppose 4 + 77 = 9*j. Give r(j).
-7
Suppose 4*w = -59*o + 55*o + 8, 2*w + 3*o = 4. Let q(h) = -9*h - 4. What is q(w)?
-22
Let j(u) = -173*u**2 - 4*u + 30. Let g(c) = -19*c**2 - 1. Let i(s) = -9*g(s) + j(s). Give i(4).
-9
Let u(x) = 28*x. Let g(q) = 250*q - 5. Let o(v) = 2*g(v) - 18*u(v). Calculate o(9).
-46
Suppose 6*z - z = 35. Suppose -4*k - 14 = -3*x + 38, 12 = -3*k. Let u(l) = -7 - z*l - l**2 + x + 5. Determine u(-8).
2
Suppose 95740*u = 95735*u - 25. Let c(d) = -5*d**2 - 3*d - 8. Give c(u).
-118
Suppose 3*q = -3*u - 21, 0 = -6*u + 2*q + 3*q - 75. Let s(g) = -6*g - 44. Give s(u).
16
Let p(z) = 14*z**3 + 18*z**2 - 15*z - 9. Let t(r) = -5*r**3 - 6*r**2 + 5*r + 3. Let x(w) = 6*p(w) + 17*t(w). Let o be 5 - 722/38 - -19. Determine x(o).
-3
Let q(r) be the first derivative of -5*r**2/2 - 82*r + 5032. What is q(-11)?
-27
Let a(g) = -g**2. Suppose -d = -2*d + 1. Let c(y) = -y**3 + y**2 - 3*y**2 - 370*y + 371*y. Let s(i) = d*a(i) - c(i). What is s(0)?
0
Let a = 43 + -41. Let c be 2/a + 75/25. Let n(r) = 0 + 2 - r**3 - 3*r**2 + 4*r**2 + 3*r**2. Calculate n(c).
2
Let q(x) = x**2 - 12*x - 1259. Let s be q(-30). Let n(o) = 8*o**3 + 3*o**2 - 4*o. Determine n(s).
7
Suppose -2*i + 4*i + 4*m - 16 = 0, m + 6 = 2*i. Suppose i*p + 16 - 252 = 0. Let s = p - 59. Let k(u) = -u + 2. What is k(s)?
2
Let j(i) = -i**2 + i + 3. Suppose 2*k + 4*q = -1 + 15, -6*k - 8 = 2*q. Determine j(k).
-9
Let b(a) be the first derivative of 1/4*a**4 - 81 + 2*a**3 + 0*a + 7/2*a**2. What is b(-5)?
-10
Let d(g) = 2*g + 0*g + g - 3 - 7. Suppose -91*u + 1056 - 419 = 0. Give d(u).
11
Suppose 8*a + 178 - 92 = 70. Let f(t) = 10*t - 2*t - 2 - 2. What is f(a)?
-20
Let w = 84 + -52. Suppose 6*n = 28 + w. Let h = n - 8. Let x(l) = -2*l**2 + 3*l - 1. Calculate x(h).
-3
Let m(g) be the third derivative of -6 - 1/24*g**4 + 0*g**3 + 0*g - 1/120*g**6 + 0*g**5 - 2*g**2. Suppose 0 = 4*j, u = 4*u + j + 3. What is m(u)?
2
Let v(l) = 2*l**2 - 1. Let d(y) be the second derivative of -y**4/6 + 19*y**3/6 + 35*y**2/2 + 39*y + 3. Let u be d(11). Determine v(u).
7
Let n be (32*2/(-5))/((-38)/95). Suppose -2*i = -4*b - n, 64 = -b - 5*i + 34. Let y(r) = -r**2 - 13*r + 3. Give y(b).
33
Let t(z) = -5*z + 21*z**3 + 4*z + 68*z**3 - 88*z**3 - 5*z**2 - 1. Let n(y) = -6 + 7*y + 3 + y**2 + 0*y. Let q be n(-8). What is t(q)?
-6
Suppose 7*q - 10*q = -5*n + 26, -5*n - q = -18. Let s(r) = r**3 - 8*r**2 + r - 6. Let u(v) = v**2 + v. Let g(c) = s(c) + 3*u(c). Determine g(n).
-6
Let s be 24 - 4 - 234/9. Let g(z) = -6*z + 8. Determine g(s).
44
Let l = 540 + -503. Suppose -34*u + l*u = 12. Let c(i) = 5*i - 6. Give c(u).
14
Suppose 898 = -3*t - l + 37, -861 = 3*t - 2*l. Let v = -292 - t. Let h(u) = -u - 9. Calculate h(v).
-4
Let n(k) = -16*k**3 + 4. Let m be (-4)/28 - (39/21 + 3). Let l(x) = -17*x**3 + 5. Let v(r) = m*l(r) + 6*n(r). Suppose a + 4 = 5*a. Give v(a).
-12
Suppose 2*t + 671*w = 675*w - 34, -3*t = -4*w + 37. Let n(v) = 2*v**2 - 16*v + 16*v + 4. Determine n(t).
22
Let s = 7 - 2. Let f(z) = 28*z**2 + 221*z + 7. Let g(u) = -18*u**2 - 140*u - 5. Let r(q) = 7*f(q) + 11*g(q). Determine r(s).
-21
Let n(i) be the first derivative of -160 + i - 2/3*i**3 - i**2. Determine n(1).
-3
Suppose 0 = 214*v - 144*v. Let a(n) be the third derivative of v*n + 1/20*n**6 + 0*n**5 - 9*n**2 + 0 + 1/24*n**4 + 0*n**3. Determine a(1).
7
Let l(h) = -184 + 94 - 4*h + 56. Give l(-8).
-2
Let q(l) = 5*l - 76*l**2 + 71*l**2 - 190 + 189 + 8*l**3. Calculate q(1).
7
Let y(r) be the third derivative of -7*r**4/24 - 3*r**3 - 361*r**2. Determine y(0).
-18
Suppose -t - 4*t - 20 = 0, 5*w = -5*t + 5. Let h(b) = 9383*b - 9382*b - 5*b**2 - 117*b**3 - 2 + 236*b**3 - 118*b**3 + 0*b**2. Determine h(w).
3
Suppose 52*i - 50*i = 56. Suppose -i = 4*r + k, -40*r + 42*r + k + 12 = 0. Let n(u) = u + 12. Calculate n(r).
4
Let h(s) be the second derivative of -s**3/6 - 3*s**2/2 + 2*s + 10158. Let b(g) = g - 1. Let r be b(2). Determine h(r).
-4
Let p(z) be the second derivative of z**4/12 + 2*z**3/3 - 9*z**2/2 + z. Suppose -40 = 8*j + 310*m - 309*m, 0 = 3*j - m + 15. Determine p(j).
-4
Let u(w) be the third derivative of w**4/24 - w**3 + 1181*w**2. Give u(-11).
-17
Suppose -839*g = -832*g - 35. Suppose -5*y + 27 = p, -p - 2*y = 7 - 19. Let j(k) = -p - 2 + 3 + k**2 - 7*k + 7. Give j(g).
-4
Let a = 70 + -61. Suppose -42*v = -45*v + a. Let s(d) = v - 76*d + 38*d + 39*d + 5. Determine s(-6).
2
Let u(z) = -5*z - 3. Suppose 3*v - 4*w - 4 = 0, 0*v - 4*v - 2 = 2*w. Suppose 3*x - 5*d = -6, v = 4*x + 4*d + 18 - 10. Give u(x).
7
Suppose -2*u + 9 = -